vided by 10?
8
Suppose -4*s = 3*h - 33, 2*h = 7*s - 2*s + 45. What is the remainder when 59 is divided by h?
14
Suppose 2*k = 8*k - 36. Suppose -100 = -k*b + b. Calculate the remainder when 37 is divided by b.
17
Suppose 0 = 3*k + 4*u - 55, 3*k + 3*u + 0*u - 51 = 0. Suppose 20*o = 21*o - 38. Calculate the remainder when o is divided by k.
12
Suppose 0*a - 35 = -7*a. What is the remainder when 14 is divided by a?
4
Suppose -7*d + 2*d + 485 = 5*m, -295 = -3*m - d. Calculate the remainder when m is divided by 17.
14
Let t = -104 + 167. Calculate the remainder when t is divided by 22.
19
Let t(m) = 63*m**3 + m**2 - 2*m + 2. Let d = 24 + -11. What is the remainder when t(1) is divided by d?
12
Let o be (-6)/(((-27)/(-30))/(-3)). Suppose o = r - 6. What is the remainder when 102 is divided by r?
24
Let k(r) = 2*r - 9. Let g be k(6). Suppose -23 - 7 = g*o. What is the remainder when (36/o)/((-6)/20) is divided by 7?
5
Let h(q) be the first derivative of q**4/12 - 2*q**2 + 2*q - 1. Let p(x) be the first derivative of h(x). What is the remainder when 13 is divided by p(3)?
3
Suppose -3*o = 5*k - 42, -k - 2*k + 2 = -4*o. Let y = k + -7. Let c(d) = 33*d**2 - d - 1. Calculate the remainder when c(y) is divided by 9.
6
Let h be (3 + -1)/((-2)/8). Let i = 1 - h. Calculate the remainder when 26 is divided by i.
8
Let i(o) = o - 1. Let c be i(3). Let b(q) = 3*q**2 + 2*q - 1. What is the remainder when 44 is divided by b(c)?
14
Let w = 21 - 15. Let r = -4 + 7. Suppose 0 = v - 1 - r. Calculate the remainder when w is divided by v.
2
Suppose 2*f + 0*x - 10 = 3*x, x = -3*f + 4. Calculate the remainder when 35 is divided by f/(-4)*(-30 - -6).
11
Let c(b) = b + 8. Let s be c(-8). Suppose 0 = -s*t + 4*t - 16. Suppose 5*n - 70 = -a - 4*a, -t*a + 20 = 0. Calculate the remainder when 25 is divided by n.
7
Let d(k) = k**3 + 6*k**2 + 6*k + 4. Let m be 33 - (-2 + 4) - 0. Suppose -m = -3*w - 2*j, -w + 19 = w + j. Calculate the remainder when d(-4) is divided by w.
5
Let p = 12 - 9. Suppose -10 = -5*b + p*b. Suppose 2*g = b*g - 126. What is the remainder when g is divided by 15?
12
Suppose -x = -2*x + 9. Let z(w) = -4*w - 18. Calculate the remainder when z(-11) is divided by x.
8
Let n(d) = -d**3 + 9*d**2 - d + 12. Let j be n(9). Suppose h + 20 = -j*h, 15 = 5*p - h. What is the remainder when 5 is divided by p?
1
Suppose -m + 195 = 5*k, 223 - 33 = 5*k + 2*m. Suppose -3*y - y = -k. Let l = 50 + -21. What is the remainder when l is divided by y?
9
Calculate the remainder when 12 is divided by ((-28)/((-8)/(-2)))/(-1).
5
Let a(x) = x**3 + 7*x**2 + 2*x + 17. Let w be a(-7). Suppose -w*k = -7*k + 176. What is the remainder when k is divided by 15?
14
Let j be (-2 - -3)*1*21. Let t be (-2)/(0 - -2) - -1. What is the remainder when (t - -1 - 2) + j is divided by 11?
9
Suppose 1 = -3*z + 4. Let h(u) = 10*u**2 + 2*u - 1. Calculate the remainder when h(z) is divided by 6.
5
Let o(h) = 8*h - 11. What is the remainder when o(5) is divided by 10?
9
Let t(x) = x**2 + 6*x - 6. Calculate the remainder when t(-10) is divided by (-6)/9*27/(-2).
7
Suppose -3*a = 3*a - 390. Calculate the remainder when a is divided by 17.
14
Suppose 3*q = 11*q - 64. What is the remainder when 43 is divided by q?
3
Calculate the remainder when ((-24)/(-10) - 2)/((-4)/(-160)) is divided by 10.
6
Let o be -13 - 0 - (-9 - -12). What is the remainder when (-77)/(-4) - (-4)/o is divided by 11?
8
Let v be 3 + -11 - (-1 + 1). Let g be (v - 0)*-1*1. Let d = 16 - g. What is the remainder when 22 is divided by d?
6
Suppose -5*k - 3*g = -5*g - 31, -k + 8 = -g. Let v(z) = 5*z**2 - 1. Calculate the remainder when k is divided by v(-1).
1
Suppose 16 = -8*t + 12*t. What is the remainder when 6 is divided by t?
2
Let g(m) = -m**3 - 7*m**2 - 3*m - 7. Let c be g(-6). Calculate the remainder when (-346)/(-10) + (-10)/c is divided by 12.
11
Suppose -5*k - 4 = 1. Let r = 11 - k. Suppose -s + 46 = 4*b + b, -2*b + r = 2*s. Calculate the remainder when b is divided by 6.
4
Suppose 2*d - 2*w = 6*d - 40, -5*d + 3*w + 61 = 0. Suppose n - 18 = -0*n. Suppose -n = -3*q - 0. Calculate the remainder when d is divided by q.
5
Suppose 5*y - 556 - 14 = 0. Calculate the remainder when y is divided by 23.
22
Let o(a) = 9*a - 27. What is the remainder when o(6) is divided by 8?
3
Let f = 24 - 10. What is the remainder when f is divided by 4?
2
Let t(s) = 16*s**2 - 2*s - 2. Let k be t(-2). Suppose 0*d + 4 = d. Suppose k = d*l - 5*c - 3, 2*c = -5*l + 45. Calculate the remainder when 32 is divided by l.
10
Let j = 9 + -2. Let v = j - 2. What is the remainder when v is divided by 3?
2
Let v be 114/(-8) + 1/4. Suppose 0*i - 2*i = -3*g + 103, -g + i + 35 = 0. Let x = v + g. Calculate the remainder when x is divided by 10.
9
Suppose 0 = 6*n - 7*n + 2. What is the remainder when 6 is divided by n?
0
Suppose v = -3*l + 54 + 48, 0 = v. Suppose -5*h + 48 = -3*g, -5*h - 5*g + 4 = -4*h. Calculate the remainder when l is divided by h.
7
Let b(d) be the first derivative of -9*d**2/2 - 4. Calculate the remainder when 34 is divided by b(-2).
16
Suppose -2*h + 1 = 7. Let w(q) = -q**3 - 2*q**2 - q. What is the remainder when 34 is divided by w(h)?
10
Calculate the remainder when 67 is divided by (6/(-4))/(-3) - (-2262)/116.
7
Suppose -5*s = -5*d, 14 = -2*d + 5*s + 5. Suppose -14 = -2*q - 2*p, 4*q + 4*p + 2 = d*q. What is the remainder when 49 is divided by q?
9
Let x(i) = i**3 + 3*i**2 - 6*i. Calculate the remainder when 22 is divided by x(-4).
6
Suppose y - 3*m = -2*y + 9, -5*m - 7 = -4*y. Suppose j = -j + y. Suppose j*u + 1 = 9. What is the remainder when 4 is divided by u?
0
Let g(q) = q**3 - 7*q**2 + 9*q - 1. Suppose -3 = -2*x + 9. What is the remainder when 65 is divided by g(x)?
14
Suppose 2*l - 8 = 4*l. Let c be (-2)/(-4) + 14/l. What is the remainder when -3 - c - 1*-3 is divided by 2?
1
Let d = -111 - -116. What is the remainder when 5 is divided by d?
0
Suppose -3*n - 2*v - 2*v + 376 = 0, 4*n - 533 = v. Suppose -4*t + n = -5*m, 0 = 3*t + 3*m - 63 - 63. What is the remainder when t is divided by 20?
18
Suppose 0 = -10*f + 286 + 4. Calculate the remainder when f is divided by 6.
5
Calculate the remainder when 83 is divided by (1 + 0)/((-1)/(-30)).
23
Let w(y) = -2*y**2 + 13*y + 28. Calculate the remainder when w(7) is divided by 4/(-6) - (-38)/3.
9
Suppose 3*l + 2*u = 48, 0 = -l - 4*u - 5 + 21. What is the remainder when l is divided by 7?
2
Suppose 3*i - 73 = -2*i + 4*j, 5*i - 76 = 3*j. What is the remainder when i is divided by 10?
7
Suppose 0*l - 10 = -5*l. Suppose -l*n + 53 = -n. Calculate the remainder when n is divided by 28.
25
Let n = -5 + 13. Suppose 0 = -h + 15 + 14. Calculate the remainder when h is divided by n.
5
Let l(v) = v**3 + 6*v**2 - 11*v - 5. Let m be l(-8). Let j = -31 - m. Calculate the remainder when 26 is divided by j.
12
Let w(o) = -40*o. Calculate the remainder when 158 is divided by w(-1).
38
Let q = 249 + 34. Suppose -4*s + q - 51 = 0. What is the remainder when s is divided by 20?
18
Let f = 14 + -12. Let k = 8 + -4. Suppose -4 = -f*u - a, a + k*a + 7 = -u. What is the remainder when u is divided by 2?
1
Suppose -c + 2*i = -152, -3*c + i + 469 - 23 = 0. Suppose q - c = -3*q. Calculate the remainder when q is divided by 13.
11
Let d(r) = 3*r + 3. Suppose -2*s + c + 4 + 0 = 0, -c + 2 = 0. Let x be d(s). Let b = 28 - x. Calculate the remainder when 30 is divided by b.
14
Suppose 2*s = -2*c - 2*c + 66, 4*s + c = 104. Let b = -13 + 26. Calculate the remainder when s is divided by b.
12
What is the remainder when (924/8)/7*(1 - -1) is divided by 6?
3
Let d = 268 + -200. Let i(v) = -7*v**3 - 1. Let k be i(-1). Let t = 29 - k. What is the remainder when d is divided by t?
22
Suppose -q + 83 = -4*z - 2*q, 3*q + 69 = -3*z. Let c = z + 22. Calculate the remainder when 2 is divided by c.
0
Suppose 0 = -3*i + 5*d + 40, -3*d = -3*i + 4 + 38. Suppose i*p = 16*p - 38. What is the remainder when p is divided by 20?
18
Calculate the remainder when 65 is divided by (-8)/(-12) + (-260)/(-15).
11
Let z(n) = -n**2 - 15*n - 16. Suppose 26 = v + 2*a, 0*a - 122 = -4*v - 2*a. Let u = -17 + v. Calculate the remainder when z(-11) is divided by u.
13
Suppose o = 4*n - 39, -3 + 6 = 3*o. Suppose -n = -5*x + 5*p, -2*x + 2 = -3*p - 0. What is the remainder w